1 and 88618193.
223
What is the greatest common factor of 733648 and 3?
1
What is the highest common divisor of 7233961 and 14?
7
What is the highest common divisor of 288 and 4886272?
32
What is the highest common factor of 29982817 and 38?
19
What is the highest common divisor of 370342 and 2338?
14
Calculate the greatest common factor of 18519044 and 4.
4
Calculate the greatest common divisor of 69825 and 246848.
133
What is the highest common factor of 124851435 and 15?
15
Calculate the greatest common divisor of 7314 and 210198.
318
What is the highest common divisor of 4712208 and 192?
48
Calculate the highest common factor of 17609536 and 1344.
448
What is the highest common divisor of 8232 and 17067876?
588
What is the greatest common factor of 10 and 87141766?
2
Calculate the highest common factor of 308816 and 11216.
16
Calculate the highest common factor of 674 and 46631027.
337
What is the greatest common factor of 1852 and 128780?
4
Calculate the highest common divisor of 102 and 25178632.
34
Calculate the highest common factor of 178 and 583222429.
89
What is the greatest common divisor of 42420 and 63756?
84
What is the greatest common factor of 17176075 and 1804075?
10675
What is the greatest common factor of 2990 and 38155?
65
What is the greatest common factor of 167280 and 79130?
410
What is the greatest common divisor of 2644930 and 13330?
430
What is the greatest common divisor of 447 and 12331687?
149
What is the greatest common factor of 5263 and 20677073?
19
Calculate the greatest common divisor of 3417327 and 9.
9
What is the highest common divisor of 129367 and 749?
7
Calculate the greatest common divisor of 12334 and 65615118.
1762
Calculate the greatest common factor of 1512 and 210428946.
126
Calculate the highest common divisor of 137833138 and 1354.
1354
Calculate the highest common factor of 27690 and 1466778066.
5538
Calculate the greatest common divisor of 150 and 19809975.
75
Calculate the highest common divisor of 11449 and 1743030.
107
Calculate the highest common divisor of 286438528 and 8.
8
Calculate the highest common factor of 24719274 and 36.
18
Calculate the highest common factor of 3951406 and 49620.
1654
What is the highest common factor of 1892579 and 437931?
2561
Calculate the greatest common divisor of 2768920 and 62785.
145
Calculate the greatest common divisor of 12231 and 1723363.
151
What is the greatest common factor of 17305445 and 45?
5
What is the greatest common divisor of 693 and 8932473?
99
Calculate the greatest common factor of 704 and 42454.
2
What is the greatest common divisor of 68717 and 135773?
11
Calculate the greatest common divisor of 1705 and 63946025.
1705
What is the greatest common factor of 35902568 and 13286?
1898
What is the greatest common factor of 33004 and 12110684?
892
Calculate the greatest common divisor of 116949 and 1302.
21
Calculate the highest common factor of 2483839 and 4600.
23
Calculate the greatest common divisor of 46974680 and 660.
20
Calculate the highest common factor of 18360534 and 18.
6
What is the highest common factor of 133863978 and 14166?
4722
Calculate the greatest common divisor of 668593 and 9112.
1139
What is the highest common divisor of 2849 and 351428?
77
What is the greatest common factor of 9935609 and 2668?
23
What is the highest common divisor of 29 and 647512290?
29
Calculate the highest common factor of 2634120 and 241785.
1215
Calculate the highest common divisor of 1325503 and 1247.
29
What is the greatest common divisor of 231912 and 632?
8
What is the highest common divisor of 182 and 111413351?
7
Calculate the greatest common divisor of 24556 and 3124.
4
Calculate the greatest common divisor of 1865 and 708367657.
373
What is the highest common divisor of 1340 and 195560?
20
What is the greatest common factor of 41072 and 41344?
272
Calculate the greatest common factor of 555 and 2582193.
111
What is the highest common factor of 799225704 and 36?
36
What is the highest common factor of 25893 and 3693109?
959
Calculate the highest common factor of 1941862027 and 10843.
10843
Calculate the greatest common divisor of 13728 and 194216.
88
Calculate the highest common factor of 336 and 57597456.
336
Calculate the greatest common divisor of 72 and 2114140896.
72
Calculate the greatest common divisor of 6385607 and 97.
97
What is the greatest common factor of 36406085 and 39488?
617
What is the greatest common factor of 98 and 23460122?
98
What is the greatest common divisor of 33509181 and 5444?
1361
What is the highest common factor of 1888 and 5779168?
1888
What is the greatest common factor of 85005 and 245?
5
What is the highest common factor of 3148617417 and 3531?
3531
Calculate the highest common factor of 690659874 and 18.
18
Calculate the greatest common factor of 2405968 and 144.
16
What is the highest common divisor of 718023 and 4899?
213
Calculate the highest common factor of 13012 and 137948.
4
What is the greatest common divisor of 864 and 810272?
32
Calculate the greatest common factor of 87822 and 1133568.
738
What is the greatest common factor of 135090 and 11376?
1422
What is the greatest common divisor of 11 and 21278191?
11
Calculate the highest common divisor of 11185892 and 8328.
1388
What is the greatest common factor of 190 and 641611?
19
What is the highest common factor of 5987867 and 6107?
31
Calculate the greatest common factor of 136093025 and 2905.
415
Calculate the highest common divisor of 28363 and 4821961.
251
Calculate the highest common divisor of 42931434 and 1134.
42
What is the greatest common divisor of 931468 and 3188?
4
Calculate the greatest common factor of 65844 and 534564.
1116
Calculate the greatest common divisor of 874 and 103027994.
874
Calculate the highest common factor of 2064 and 16570824.
1032
Calculate the highest common factor of 524932362 and 1116.
558
Calculate the highest common divisor of 117 and 2573987.
13
Calculate the greatest common factor of 2066800 and 2000.
400
Calculate the highest common factor of 11992071 and 11336.
1417
What is the greatest common divisor of 3460 and 301520?
20
Calculate the highest common factor of 10 and 189085790.
10
Calculate the greatest common factor of 8 and 1026188.
4
What is the greatest common divisor of 93810420 and 8910?
2970
Calculate the greatest common factor of 9 and 392120559.
9
What is the highest common divisor of 28 and 151812?
4
Calculate the highest common factor of 1750 and 8777250.
250
What is the greatest common divisor of 1586669 and 539?
49
What is the greatest common divisor of 58 and 12010?
2
Calculate the greatest common factor of 441229440 and 888.
888
Calculate the greatest common factor of 140969352 and 96.
24
Calculate the greatest common factor of 1004361152 and 7104.
2368
Calculate the greatest common divisor of 119 and 8939.
7
Calculate the highest common divisor of 45426 and 309846.
678
What is the highest common factor of 394627 and 46169?
337
Calculate the greatest common factor of 109156 and 10121.
29
Calculate the greatest common factor of 24396 and 64933164.
1284
What is the greatest common divisor of 31639 and 1124821?
1091
Calculate the greatest common divisor of 24 and 22336008.
24
Calculate the greatest common factor of 21 and 2657179.
7
What is the greatest common factor of 145530 and 106330?
490
Calculate the greatest common divisor of 588 and 81148557.
147
Calculate the highest common divisor of 1107 and 820503.
27
Calculate the greatest common divisor of 63504 and 10104.
24
What is the greatest common factor of 3326625 and 1000?
125
What is the greatest common factor of 3608155 and 60?
5
Calculate the highest common divisor of 41621702 and 6306.
2102
What is the highest common factor of 14 and 11446164?
2
Calculate the highest common divisor of 56759 and 782252.
269
Calculate the highest common factor of 9053050 and 150.
50
Calculate the highest common factor of 8025 and 441696.
321
Calculate the highest common factor of 29386765 and 25.
5
What is the greatest common factor of 15 and 11434161?
3
Calculate the highest common factor of 59 and 43938893.
59
Calculate the greatest common divisor of 3008 and 9038144.
64
What is the greatest common factor of 6168329 and 58?
29
Calculate th